t n(p) = 16*p - 4. Let f(q) = 2*n(q) - 7*s(q). Determine f(y).
2
Let n(w) = -2 + 41*w**3 + 3 - 42*w**3 - 3*w**2 + 3*w + 1. Let k be (-1)/3*(-6)/1. Let c = k - 6. What is n(c)?
6
Let j be 46/8 - 4/(-16). Let r(s) be the second derivative of s**3/6 - 7*s**2/2 + 7*s. What is r(j)?
-1
Let o(n) = -n**2 - 4*n + 4. Let g be 2/(-9) + (-68)/18. Let z be o(g). Suppose -z*p - 10 = 5*h, -2*h + 16 = -2*p + h. Let f(s) = -2*s - 4. Calculate f(p).
6
Let x(j) = -j - 6. Let m be x(-8). Let s(q) = -6 + 2*q + 5 - m*q - 4*q**3. Determine s(1).
-5
Let s(d) = -d**3 - 15*d**2 - 13*d + 18. Let b be s(-14). Let i(k) = k - 4. Calculate i(b).
0
Let h(p) be the second derivative of 2*p + 1/12*p**4 - 2*p**2 + 1/2*p**3 + 0. Determine h(-5).
6
Let y(a) = -3*a + 3*a**2 - 4*a**2 - 4*a + 1 + 5*a. Give y(2).
-7
Let w(n) = 3*n**2 - 2*n + 2. Let r be (2*1)/(1 - (0 - 0)). Give w(r).
10
Suppose 2*y - 5 = y. Let u(s) = -s**2 - 7 - y*s**2 - 6*s + 3 - s**3 + s**2. Calculate u(-4).
4
Let x(s) = s**3 + 4*s**2 - s - 4. Let g be (5 + -4)*24/(-6). What is x(g)?
0
Suppose -6*g + 22 = 4. Let n(o) = 3*o - 4. Give n(g).
5
Let w(d) = -3*d**3 - 2*d**2 + d. Let l(z) = -4*z**3 - 3*z**2 + 2*z + 1. Let a(g) = -4*l(g) + 5*w(g). Suppose 2*s = 5*u + 5, -3*u + 4 = -6*u + s. Calculate a(u).
-4
Let z = 7 + -4. Let g(t) = -z*t**3 + 2*t**3 - 6*t**2 + 3 - 3 - 1. What is g(-6)?
-1
Let v(u) = u**3 - 7*u**2 + 6*u - 4. Suppose -2*n = -10 - 2. What is v(n)?
-4
Let o be (8/(-10))/(10/(-25)). Suppose -a - 8 = -4*l, 3*a - o*l + 17 = 3*l. Let t(f) = -f**2 - f - 1. Determine t(a).
-13
Let u(o) be the second derivative of o**3/6 + 2*o**2 - 24*o. What is u(-7)?
-3
Let x(j) be the third derivative of j**5/60 - 7*j**3/6 - 51*j**2. Determine x(0).
-7
Let l(p) = -6*p + 2. Let q(w) = -4 - 1 + 7*w + 3 - 1. Let v(o) = 6*l(o) + 5*q(o). What is v(-5)?
2
Let f(z) = z**3 + z**2 - z + 1. Let x(i) = -3*i**3 - 3*i**2 + 4*i - 4. Let b(g) = -7*f(g) - 2*x(g). Give b(-2).
7
Let h be ((-1)/((-2)/(-20)))/1. Let p be h*((-6)/(-4) + -1). Let x(y) = -y - 1. Let a(m) = 4*m + 2. Let z(c) = -a(c) - 3*x(c). Determine z(p).
6
Let b(x) be the first derivative of x**3/3 - 7*x**2/2 + 6*x + 39. What is b(4)?
-6
Let k(c) = 3*c**2 + 10*c - 15. Let z(s) = s**2 + 5*s - 7. Let l be (-32)/12 + (-4)/(-6). Let x(i) = l*k(i) + 5*z(i). Determine x(6).
-11
Let d = 21 - 21. Let v(l) = -l**3 - l**2 + l - 1. Calculate v(d).
-1
Let p = -7 - -9. Suppose 4*z = s + 10, -p*s - 3*z + 14 = -6*s. Let d(c) = c**2 - c - 2. Calculate d(s).
4
Let z(o) = 15*o - 21. Let c(l) = 3*l - 4. Let n(a) = -11*c(a) + 2*z(a). Let d(k) = 2*k**2 - 3*k + 2. Let w be d(2). Determine n(w).
-10
Let z(i) be the third derivative of -i**6/120 - i**5/15 + i**4/4 - i**3/6 + 8*i**2. Give z(-5).
-6
Let a = 24 - 8. Let i = 0 + 3. Suppose i*u = 4*z + a, 6*u + 2*z + 8 = 4*u. Let g(h) = -h**2 + h + 5. Determine g(u).
5
Suppose -22 = -4*b + i, -4*b + 2*i + 12 = 6*i. Suppose 5*z + 19 = 4*l, -5*l = -2*l - 3*z - 12. Let f(n) = 3*n - l - n - n**2 + 2*n. What is f(b)?
-6
Let x(t) = -t**3 + t - 1. Let q(a) = -2*a**3 + 3*a**2 + 4*a - 5. Let d(j) = q(j) - 3*x(j). Calculate d(-2).
0
Let n be (-273)/(-65) - (-3)/(-15). Let s(l) be the second derivative of -1/20*l**5 + 0 - 5/6*l**3 - 1/2*l**n + 2*l + 0*l**2. Calculate s(-5).
0
Let j = 3 - 6. Let y(p) be the second derivative of p**6/120 + p**5/15 + p**4/8 + p**3/6 - p**2 + 3*p. Let s(d) be the first derivative of y(d). Give s(j).
1
Let s(o) = -159 - 3*o + 80 + 78. Give s(5).
-16
Let b(a) = 2*a**2 + 7*a + 5. Let y(c) = -5*c**2 - 20*c - 15. Let n(h) = 8*b(h) + 3*y(h). Calculate n(5).
0
Let i(t) = -3*t + 3. Suppose 10 = 3*p + 1. What is i(p)?
-6
Let s(v) be the first derivative of v**4/4 + 5*v**3/3 - 3*v**2 - 4*v + 40. Calculate s(-6).
-4
Suppose -3*m + 0*r - 8 = r, -5*m = -3*r - 10. Let g be m/5 + 33/15. Let j(q) = -q**3 - q**2 + 2*q - 2. Determine j(g).
-10
Let j(r) be the second derivative of r**3/3 - 3*r**2 - 5*r. Determine j(4).
2
Let b be 35/21 - (-1)/3. Let c(v) = -v + 3*v + 4*v**2 + 0*v - 3*v + b - v**3. Calculate c(4).
-2
Let n be (-12)/(-5) - 8/20. Let l be 2 - ((5 - n) + 4). Let b(w) = -w - 4. What is b(l)?
1
Suppose 4*q + 3*j = 8*j + 6, -q + 5*j + 9 = 0. Let c(g) be the third derivative of g**4/6 + g**3/6 + 5*g**2. Give c(q).
-3
Suppose -5*y = 3*b + 5 - 52, -2*y - 6 = -5*b. Let m(g) = g**2 - 6*g - 5. Let l be m(y). Let n(f) = 2*f**2 + f**2 - 4*f + f**3 - 7*f**l. Give n(5).
5
Let s(k) = 2*k - 1. Suppose -2 = -4*f + 10. Suppose -5*o + 7 = -f. Determine s(o).
3
Let s(b) = -b**3 - 6*b**2 - 3*b + 5. Suppose 0*i - 17 = -5*j + 2*i, 4 = i. Suppose -2*x + 0*x + 4 = 0. Suppose 4*c = x*w + 30, 4*w - j*c = 3*w - 30. Give s(w).
-5
Let r(u) be the second derivative of -u**5/10 + u**4/6 - u**3/2 + u**2/2 + 27*u. Calculate r(2).
-13
Let w(y) = -y**3 + 3*y**2 + y + 1. Suppose -17 = -3*f + 4*h, 0 = 3*f - 2*h - 25. Suppose -2*g - 3*r + f = 0, -4*g + 0*r + 19 = 3*r. Give w(g).
-11
Let q(o) = o**3 + o**2 + 1. Let x = 3 - -2. Let h(a) = 4*a - 2*a + 3*a**2 - x - 4*a**2 - 6*a**3 - 4*a**2. Let j(l) = -h(l) - 5*q(l). Give j(-2).
-4
Suppose -y = -6*y - 15. Let v(h) = -9*h - 3. Let r(u) be the first derivative of -4*u**2 - 3*u + 2. Let l(t) = y*v(t) + 4*r(t). Calculate l(-2).
7
Let f(r) be the third derivative of -11*r**7/2520 - r**4/12 - r**2. Let y(d) be the second derivative of f(d). Determine y(-1).
-11
Let t(s) be the first derivative of -s**3/3 + 5*s**2/2 + 6*s + 6. Calculate t(6).
0
Let w(k) = -2*k + 3. Suppose -3*r - 15 = -0*r. What is w(r)?
13
Let h(l) = 3*l**2 + 13*l + 3. Let a(c) = c**2 + 6*c + 1. Let s(p) = -5*a(p) + 2*h(p). Determine s(4).
1
Let v(i) = -i**3 - 4*i**2 + 5*i - 5. Suppose -r + 5*l = 5, 2*l = 2*r + 6*l + 10. Give v(r).
-5
Let u(k) = 23*k + 1. Let d be u(1). Suppose 0 = 4*f + w - 9, 2*w - 12 = -2*f + 4*w. Let m be (1/2)/(f/d). Let r(p) = p**3 - 6*p**2 + 4*p + 4. What is r(m)?
-12
Let k(i) = 2*i**2 + 5*i - 7. Let r(m) = -3*m**2 - 10*m + 13. Let g = 10 - 5. Let j(w) = g*k(w) + 3*r(w). What is j(5)?
4
Suppose -12 = -c - c - 5*j, 0 = -2*c + j. Let y(a) = 4*a**3 - a + 2*a**2 - 3*a**2 - c - a - 10*a**3. Determine y(-1).
6
Suppose -6 = -4*x + x. Suppose -4*p - 17 = -5*d, 2*p - 3*p - 1 = x*d. Let f(r) = -r. Let q(n) = -3*n + 1. Let z(v) = -14*f(v) + 4*q(v). Determine z(p).
-2
Let l(o) = -2*o**2 - 4*o - 4. Let z be (28/(-84))/(1/9). What is l(z)?
-10
Let v(u) = -2*u**3 + 6*u**2 - u - u**3 + 7 + u**3 + u**3. Determine v(6).
1
Let q(z) be the second derivative of -1/12*z**4 - 3/2*z**2 - 3*z + 1/6*z**3 + 0. Let b be (3 - 2)*0/(-2). Calculate q(b).
-3
Let w = 34 + -34. Let l be 3/(0 + 1 + 0). Let t(y) = -l - y + y + y. Give t(w).
-3
Let m(x) = -x**2 - 4. Suppose 0 = -b - 3*b + 16. Suppose -20 = -2*s + 12*s. Let g be 0/(b/s - -1). Give m(g).
-4
Suppose -8 - 4 = -3*o, 14 = 2*j - o. Suppose s - 2*a - 6 = -s, 0 = 5*s + a - j. Let r(m) = -5*m - 3*m**2 + 5*m**3 - 4*m**3 + s*m + 4. Calculate r(3).
-5
Let u(q) = q**2 - 2*q - 4. Let r be u(4). Let i(m) = m - 1. Let c(a) = -3*a + 5. Let l(p) = r*i(p) + 2*c(p). Calculate l(5).
-4
Let n(o) be the first derivative of 1/3*o**3 + 2*o + 5 + 3*o**2. Give n(-4).
-6
Let s(n) = -4*n**2 + 9*n + 4. Let k(y) = 3*y**2 - 8*y - 3. Let q(r) = -3*k(r) - 2*s(r). Give q(5).
6
Let y(n) = n**2 + 2*n - 1. Let w be y(-3). Let a(z) = -z**2 - z - 1. Let i(f) = 1. Let g(d) = w*a(d) + 3*i(d). Let k(j) = -j + 6. Let q be k(5). What is g(q)?
-3
Let x(f) = f**2 - 4*f + 5. Let a be (-28)/6*(-3)/(-2). Let d = a + 11. What is x(d)?
5
Suppose -2*u - 8 = 2*u. Let h(l) = l**3 - l**2 - 5*l - 2. Let v(y) = -y. Suppose 0 = -c - 2 - 0. Let m(k) = c*v(k) + h(k). Determine m(u).
-8
Let h(t) = -t**2 + t - 1. Suppose -2 = -6*f + 3*f - 2*m, -5*f + 30 = -2*m. Let z(g) = 3*g**2 - 11*g + 1. Let a(r) = f*h(r) + z(r). What is a(-7)?
-3
Let q(c) = c - 1. Let a(o) = 4*o**2 - 3*o + 2. Let y(p) = -a(p) - 2*q(p). Determine y(-1).
-5
Let p(i) = i**2 + 4*i + 4. Suppose 4*z = 2*g - 8 - 12, 0 = 5*z + 5*g - 5. Give p(z).
1
Suppose 48 = p + 2*s, -7*p + 3*s + 227 = -2*p. Let v be p/14 - 2/7. Let f(w) = 2*w**2 - 4*w - v*w**2 + 2*w. Calculate f(-2).
0
Let s(h) = -h**2 + 5*h - 4. Suppose 2*y = a + 4 - 2, 2*a + 2*y = 20. Give s(a).
-10
Let v(b) = -6*b + 12. Let w(u) = -1. Let q(n) = -v(n) - 8*w(n). Let h(s) = 13*s - 9. Let x(o) = 2*h(o) - 5*q(o). Give x(3).
-10
Let x(o) = 4*o + 3. Let z(a) = 5*a